f 740?
False
Does 44 divide 47476?
True
Is 32 a factor of 155296?
True
Is 116486 a multiple of 8?
False
Is 84 a factor of 6614160?
True
Does 6 divide 294466?
False
Is 75 a factor of 3496748?
False
Does 30 divide 732959?
False
Does 1054 divide 1841386?
False
Does 16 divide 6688?
True
Does 1082 divide 9677408?
True
Is 40 a factor of 129480?
True
Is 236 a factor of 163312?
True
Does 6 divide 301561?
False
Does 53 divide 684018?
True
Is 185 a factor of 333000?
True
Is 17 a factor of 333349?
False
Does 10 divide 464460?
True
Is 325 a factor of 3723522?
False
Is 464 a factor of 217152?
True
Does 2 divide 1033?
False
Is 65856 a multiple of 147?
True
Is 468 a factor of 447859?
False
Is 51 a factor of 13124340?
True
Is 17 a factor of 11819737?
False
Does 12 divide 162492?
True
Is 41893 a multiple of 12?
False
Is 36 a factor of 121633?
False
Does 203 divide 107415?
False
Does 13 divide 123398?
False
Is 258 a factor of 3588006?
True
Is 50 a factor of 9291?
False
Does 41 divide 4133415?
True
Is 2522954 a multiple of 1141?
False
Does 17 divide 6012660?
False
Is 252 a factor of 2686068?
True
Does 15 divide 55818?
False
Is 200804 a multiple of 17?
True
Does 156 divide 1056120?
True
Is 189 a factor of 28011241?
False
Is 3388542 a multiple of 417?
True
Is 117 a factor of 96728?
False
Is 5 a factor of 60845?
True
Is 127571 a multiple of 44?
False
Does 256 divide 8411283?
False
Does 53 divide 158841?
True
Is 6 a factor of 198520?
False
Does 38 divide 202882?
True
Is 543982 a multiple of 4?
False
Is 18 a factor of 821610?
True
Is 292345 a multiple of 130?
False
Is 2795117 a multiple of 211?
True
Is 4 a factor of 916420?
True
Is 2327261 a multiple of 522?
False
Does 822 divide 476309?
False
Is 16 a factor of 152848?
True
Is 34 a factor of 821775?
False
Is 25049 a multiple of 16?
False
Does 1050 divide 3110172?
False
Does 88 divide 2389816?
True
Does 209 divide 4544140?
False
Is 326430 a multiple of 10?
True
Is 72 a factor of 423864?
True
Is 15 a factor of 476295?
True
Does 10 divide 1295977?
False
Is 169 a factor of 1581671?
True
Does 180 divide 187711?
False
Is 24 a factor of 408309?
False
Is 2049 a factor of 6713680?
False
Is 2670990 a multiple of 171?
False
Does 12 divide 117383?
False
Is 17 a factor of 300578?
False
Is 11 a factor of 2009843?
True
Does 376 divide 541440?
True
Is 400153 a multiple of 112?
False
Is 15 a factor of 181247?
False
Is 13 a factor of 16819?
False
Is 868990 a multiple of 44?
False
Does 7 divide 4438651?
True
Is 158828 a multiple of 45?
False
Does 11 divide 9879806?
False
Does 367 divide 1551676?
True
Is 168 a factor of 74760?
True
Is 55401 a multiple of 77?
False
Is 63 a factor of 529379?
False
Is 2022566 a multiple of 7?
True
Does 16 divide 343984?
True
Is 372 a factor of 3143400?
True
Is 56769 a multiple of 127?
True
Is 22 a factor of 1515590?
False
Does 74 divide 1268570?
False
Does 1551 divide 215680?
False
Does 13 divide 7526493?
True
Is 1928120 a multiple of 190?
True
Is 134232 a multiple of 17?
True
Is 36480 a multiple of 95?
True
Is 304 a factor of 2266624?
True
Does 69 divide 146832?
True
Is 110386 a multiple of 232?
False
Is 10 a factor of 2667814?
False
Does 76 divide 114295?
False
Is 192 a factor of 138708?
False
Is 1374428 a multiple of 44?
True
Is 89 a factor of 155166?
False
Is 21 a factor of 210332?
False
Is 59 a factor of 140142?
False
Is 5054 a multiple of 14?
True
Is 37 a factor of 151389?
False
Does 102 divide 1598544?
True
Does 14 divide 7160146?
True
Is 181170 a multiple of 6?
True
Does 15 divide 1477329?
False
Does 191 divide 385056?
True
Is 558034 a multiple of 74?
True
Does 96 divide 57216?
True
Is 351990 a multiple of 30?
True
Does 253 divide 249205?
True
Is 8398253 a multiple of 79?
True
Is 684608 a multiple of 38?
True
Does 903 divide 126710?
False
Is 78 a factor of 1133?
False
Is 114 a factor of 337732?
False
Does 8 divide 2616744?
True
Is 7 a factor of 74970?
True
Is 7177133 a multiple of 267?
False
Is 6364838 a multiple of 12?
False
Is 2 a factor of 7888?
True
Is 530 a factor of 343450?
False
Is 3635716 a multiple of 287?
True
Is 131 a factor of 72311?
False
Is 9 a factor of 146268?
True
Is 484330 a multiple of 355?
False
Does 24 divide 172772?
False
Is 2535948 a multiple of 18?
True
Is 65146 a multiple of 43?
False
Does 10 divide 709140?
True
Is 51484 a multiple of 422?
True
Is 77821 a multiple of 240?
False
Is 1361 a multiple of 5?
False
Does 382 divide 5249826?
True
Is 175591 a multiple of 34?
False
Does 478 divide 434932?
False
Does 21 divide 54201?
True
Does 18 divide 794621?
False
Is 4014 a multiple of 221?
False
Is 52 a factor of 3164020?
False
Does 999 divide 13119867?
True
Does 9 divide 649926?
True
Is 341 a factor of 310190?
False
Does 12 divide 12543264?
True
Is 1111950 a multiple of 14?
True
Is 12119737 a multiple of 25?
False
Does 3 divide 13758?
True
Is 12 a factor of 255812?
False
Is 45 a factor of 392467?
False
Is 55 a factor of 802107?
False
Does 409 divide 12030768?
False
Is 734530 a multiple of 10?
True
Is 72 a factor of 30672?
True
Is 18273 a multiple of 5?
False
Is 79 a factor of 402031?
True
Is 26955 a multiple of 60?
False
Is 2943276 a multiple of 444?
True
Does 47 divide 83331?
True
Is 537 a factor of 70583?
False
Does 41 divide 305286?
True
Is 21 a factor of 1107876?
True
Is 371512 a multiple of 33?
False
Is 51 a factor of 662658?
False
Is 52 a factor of 1016028?
True
Is 12254 a multiple of 2?
True
Is 244215 a multiple of 9?
True
Does 14 divide 10999184?
True
Is 300375 a multiple of 75?
True
Is 5922748 a multiple of 52?
True
Does 97 divide 1371192?
True
Is 160242 a multiple of 17?
True
Is 131 a factor of 139959?
False
Does 80 divide 1068000?
True
Is 223 a factor of 1654659?
False
Is 3685078 a multiple of 18?
False
Does 129 divide 7019930?
False
Does 30 divide 15536?
False
Does 4 divide 5833867?
False
Is 6184066 a multiple of 31?
True
Is 16946230 a multiple of 70?
True
Is 694413 a multiple of 9?
True
Is 103 a factor of 188725?
False
Is 36 a factor of 374872?
False
Is 325479 a multiple of 21?
True
Is 334 a factor of 4702312?
False
Is 31 a factor of 39246?
True
Is 860273 a multiple of 4?
False
Is 96 a factor of 2758739?
False
Is 159 a factor of 3228127?
False
Is 42180 a multiple of 13?
False
Is 38 a factor of 465994?
True
Is 104780 a multiple of 124?
True
Does 24 divide 3511992?
True
Is 78 a factor of 374691?
False
Is 391 a factor of 4888100?
False
Does 21 divide 1260?
True
Does 27 divide 61955?
False
Is 49526 a multiple of 12?
False
Is 231570 a multiple of 31?
True
Is 136 a factor of 627112?
False
Does 102 divide 1133628?
True
Is 733400 a multiple of 200?
True
Is 703205 a multiple of 85?
True
Does 13 divide 5040516?
True
Is 26 a factor of 722361?
False
Is 559584 a multiple of 58?
True
Is 8 a factor of 10840?
True
Does 52 divide 5326?
False
Is 15604 a multiple of 15?
False
Does 17 divide 1942301?
True
Is 1065590 a multiple of 410?
True
Is 6528001 a multiple of 320?
False
Is 137 a factor of 3553019?
False
Is 6924 a multiple of 4?
True
Is 7 a factor of 1028573?
True
Is 127881 a multiple of 3?
True
Is 3 a factor of 1052001?
True
Is 50 a factor of 680798?
False
Is 2373723 a multiple of 33?
True
Does 333 divide 1283715?
True
Is 25723160 a multiple of 131?
True
Does 2 divide 11180?
True
Does 7 divide 2760?
False
Is 3733778 a multiple of 1138?
True
Is 1545936 a multiple of 42?
True
Is 179057 even?
False
Does 112 divide 12997712?
True
Does 23 divide 9119318?
False
Does 30 divide 188580?
True
Is 172 a factor of 2384573?
False
Does 189 divide 495558?
True
Does 62 divide 101603?
False
Does 78 divide 320467?
False
Is 2 a factor of 2656486?
True
Is 2 a factor of 1238389?
False
Is 91 a factor of 852975?
False
Does 10 divide 6778960?
True
Does 7 divide 213523?
False
Does 11 divide 1355948?
True
Is 25 a factor of 154589?
False
Is 5 a factor of 55025?
True
Is 25 a factor of 862125?
True
Is 607805 a multiple of 11?
True
Is 1043562 a multiple of 663?
True
Is 7 a factor of 271527?
False
Does 7 divide 80322?
False
Does 17 divide 47287?
False
Does 207 divide 184644?
True
Is 228 a factor of 2416883?
False
Is 127142 a multiple of 302?
True
Is 594 a factor of 341550?
True
Does 18 divide 5075496?
True
Does 71 divide 215982?
True
Is 1033533 a multiple of 4?
False
Is 78 a factor of 5399862?
True
Does 10 di